18470774?
7
What is the tens digit of 1812442463?
6
What is the hundreds digit of 318430781?
7
What is the thousands digit of 4375566?
5
What is the tens digit of 28051898?
9
What is the ten millions digit of 1901565881?
0
What is the units digit of 74652945?
5
What is the ten thousands digit of 242725355?
2
What is the ten millions digit of 23090078?
2
What is the ten thousands digit of 13274438?
7
What is the tens digit of 5370877886?
8
What is the ten millions digit of 4761376684?
6
What is the hundred thousands digit of 17950544?
9
What is the hundred thousands digit of 6299786?
2
What is the hundreds digit of 1528922759?
7
What is the hundred thousands digit of 190268390?
2
What is the ten thousands digit of 668927464?
2
What is the millions digit of 1854535?
1
What is the millions digit of 123224242?
3
What is the billions digit of 1401332610?
1
What is the units digit of 79096624?
4
What is the hundreds digit of 899828410?
4
What is the hundreds digit of 500566271?
2
What is the ten millions digit of 1506880410?
0
What is the ten millions digit of 1015045101?
1
What is the ten millions digit of 139082601?
3
What is the hundred millions digit of 829356021?
8
What is the thousands digit of 28318275?
8
What is the millions digit of 133926748?
3
What is the thousands digit of 835219255?
9
What is the hundred thousands digit of 81203488?
2
What is the ten thousands digit of 301302655?
0
What is the hundred millions digit of 2307740878?
3
What is the hundreds digit of 44891939?
9
What is the hundreds digit of 631421333?
3
What is the hundreds digit of 29539864?
8
What is the hundred thousands digit of 1496739887?
7
What is the millions digit of 412803966?
2
What is the millions digit of 176406051?
6
What is the tens digit of 99399483?
8
What is the thousands digit of 565954079?
4
What is the millions digit of 245043216?
5
What is the hundred thousands digit of 3206325555?
3
What is the tens digit of 71283374?
7
What is the ten thousands digit of 1389556083?
5
What is the hundred thousands digit of 47405358?
4
What is the units digit of 2125960009?
9
What is the hundred millions digit of 362998560?
3
What is the ten thousands digit of 4174050?
7
What is the tens digit of 3417828870?
7
What is the hundred millions digit of 2216236870?
2
What is the ten millions digit of 90307696?
9
What is the thousands digit of 41382584?
2
What is the thousands digit of 681671887?
1
What is the ten thousands digit of 14030112?
3
What is the millions digit of 1376474800?
6
What is the tens digit of 38899095?
9
What is the millions digit of 19236994?
9
What is the hundreds digit of 2850646501?
5
What is the thousands digit of 1837558708?
8
What is the millions digit of 449265040?
9
What is the thousands digit of 36667808?
7
What is the tens digit of 17771497?
9
What is the hundreds digit of 337046003?
0
What is the units digit of 56747675?
5
What is the ten thousands digit of 106142720?
4
What is the tens digit of 237415622?
2
What is the tens digit of 25898882?
8
What is the thousands digit of 1396665290?
5
What is the hundred millions digit of 6805727809?
8
What is the ten thousands digit of 409737451?
3
What is the hundred thousands digit of 95865650?
8
What is the billions digit of 2873963171?
2
What is the ten thousands digit of 889828149?
2
What is the hundred thousands digit of 5504617794?
6
What is the millions digit of 42416829?
2
What is the hundreds digit of 61433832?
8
What is the billions digit of 1316161212?
1
What is the billions digit of 6172833009?
6
What is the hundreds digit of 5954649?
6
What is the tens digit of 951520724?
2
What is the units digit of 64660409?
9
What is the ten millions digit of 112178700?
1
What is the hundreds digit of 231486320?
3
What is the tens digit of 630942269?
6
What is the hundred millions digit of 176266754?
1
What is the thousands digit of 688217853?
7
What is the tens digit of 4162936179?
7
What is the units digit of 115985724?
4
What is the ten millions digit of 119843103?
1
What is the hundreds digit of 81588414?
4
What is the hundreds digit of 5465738?
7
What is the millions digit of 352897191?
2
What is the ten thousands digit of 1601085579?
8
What is the units digit of 36366360?
0
What is the ten thousands digit of 3175803635?
0
What is the ten thousands digit of 493942370?
4
What is the millions digit of 410339475?
0
What is the hundreds digit of 2319096924?
9
What is the thousands digit of 51237093?
7
What is the hundred thousands digit of 75886823?
8
What is the thousands digit of 240271367?
1
What is the millions digit of 86699610?
6
What is the units digit of 1089769363?
3
What is the hundred thousands digit of 34839157?
8
What is the millions digit of 988963487?
8
What is the ten thousands digit of 38208730?
0
What is the ten millions digit of 581103252?
8
What is the tens digit of 9501947941?
4
What is the hundreds digit of 61539367?
3
What is the ten thousands digit of 135003994?
0
What is the ten millions digit of 253611269?
5
What is the millions digit of 986052414?
6
What is the hundreds digit of 136271254?
2
What is the ten millions digit of 22171391?
2
What is the units digit of 27715058?
8
What is the billions digit of 1336651074?
1
What is the units digit of 119229935?
5
What is the ten millions digit of 725166990?
2
What is the hundred thousands digit of 8056531?
0
What is the units digit of 1487371795?
5
What is the ten millions digit of 278239755?
7
What is the millions digit of 58910952?
8
What is the hundred thousands digit of 204663?
2
What is the hundreds digit of 12822265?
2
What is the millions digit of 435673552?
5
What is the thousands digit of 1188613951?
3
What is the ten thousands digit of 743031495?
3
What is the ten thousands digit of 14051750?
5
What is the millions digit of 58958154?
8
What is the units digit of 38474836?
6
What is the thousands digit of 959270189?
0
What is the tens digit of 93665681?
8
What is the thousands digit of 33185740?
5
What is the millions digit of 313939721?
3
What is the ten thousands digit of 69883371?
8
What is the tens digit of 479047694?
9
What is the ten thousands digit of 47633310?
3
What is the hundred thousands digit of 69052636?
0
What is the hundred millions digit of 3284275240?
2
What is the units digit of 265256436?
6
What is the thousands digit of 1374708545?
8
What is the units digit of 8781796?
6
What is the ten thousands digit of 2314997917?
9
What is the hundreds digit of 1509378?
3
What is the hundreds digit of 4006196193?
1
What is the hundreds digit of 692612952?
9
What is the units digit of 2108039789?
9
What is the hundred thousands digit of 645574696?
5
What is the hundreds digit of 360528181?
1
What is the hundred thousands digit of 2098952232?
9
What is the hundred thousands digit of 2661482140?
4
What is the hundred millions digit of 134395324?
1
What is the tens digit of 1064353858?
5
What is the millions digit of 63988574?
3
What is the tens digit of 646786199?
9
What is the millions digit of 89085966?
9
What is the ten thousands digit of 85083314?
8
What is the hundreds digit of 1059809859?
8
What is the tens digit of 705155563?
6
What is the tens digit of 11425917?
1
What is the ten thousands digit of 290818731?
1
What is the units digit of 66012048?
8
What is the ten thousands digit of 55226470?
2
What is the units digit of 2785419077?
7
What is the hundreds digit of 289673038?
0
What is the hundred millions digit of 129718651?
1
What is the ten millions digit of 6944550618?
4
What is the thousands digit of 13738286?
8
What is the ten thousands digit of 1026858628?
5
What is the thousands digit of 995271524?
1
What is the tens digit of 57531014?
1
What is the ten millions digit of 212845604?
1
What is the millions digit of 246899389?
6
What is the hundred thousands digit of 7084585827?
5
What is the ten millions digit of 184989120?
8
What is the thousands digit of 131176105?
6
What is the millions digit of 2090903836?
0
What is the tens digit of 8751576?
7
What is the hundreds digit of 57558275?
2
What is the units digit of 194187080?
0
What is the thousands digit of 1121077621?
7
What is the thousands digit of 5700778?
0
What is the hundred thousands digit of 692389570?
3
What is the thousands digit of 2491